- 18 = -4*h. What is the remainder when 368 is divided by h?
2
Suppose -40 = -5*k - 5*a, -2*k = 4*a + a - 28. What is the remainder when 10759/154 + (-216)/(-1584) is divided by k?
2
Suppose 406 = 2*n - 13*c + 16*c, 5*n + 4*c = 994. What is the remainder when n is divided by (-1292)/(-20) - (-2)/5?
64
Let p(h) = -h**2 + 17*h + 402. Calculate the remainder when 2368 is divided by p(-10).
124
Let v = 20 - 4. Suppose 5*k - 39 - v = -3*t, -46 = -4*k - 2*t. Let f(a) = 7*a**2 - 1. Calculate the remainder when f(2) is divided by k.
13
Let c = 56 + -13. Calculate the remainder when 417 is divided by c.
30
Suppose -44*d + 31583 - 9495 = 0. What is the remainder when d is divided by 287?
215
Let p(q) = 6*q**2 + 19*q - 792. What is the remainder when p(47) is divided by 36?
35
Let k(l) = l**3 - 36*l**2 - 34*l - 155. Let q be k(37). What is the remainder when 46*(q/(-8) - 0) is divided by 20?
13
What is the remainder when (-1 - 28/(-8))*23144/220 is divided by 13?
3
Let j = -1433 - -2558. Let g = j + -517. Calculate the remainder when g is divided by 34.
30
Let b = -37 + 37. Suppose b = -5*d + 2*t + 22, 5*t - 20 = 0. What is the remainder when 1*18 + 20/10 is divided by d?
2
Let j = -512 + 728. Let d = 293 - j. Calculate the remainder when d is divided by 42.
35
Let b = 1968 - 1964. Calculate the remainder when 155 is divided by b.
3
Let t(j) = -j**3 - 29*j**2 - 11*j + 57. Let y be t(-29). Suppose -369*i - 1372 = -y*i. Calculate the remainder when i is divided by 11.
9
Let s(k) = 2*k + 29. Let f be s(6). Suppose -8*g + 135 = -f. Calculate the remainder when 64 is divided by g.
20
Suppose 2*t = -2*j + 8, 3*j - 8 = 4*t - j. Let h(o) = 3*o**2 - o + 2. Let g be h(t). Suppose 0 = g*v - 21 - 3. Calculate the remainder when 10 is divided by v.
4
Suppose 108030 - 21822 = 96*b. Calculate the remainder when b is divided by 150.
148
Suppose -8983*s + 8929*s = -11448. What is the remainder when s is divided by 74?
64
Suppose 0 = -o, 0*o + 25 = 5*m - 2*o. Suppose 2*g - i = 211, -6*g + 3*g + 306 = -m*i. What is the remainder when g is divided by 16?
11
Let o(k) = 2*k**3 + 7*k**2 + 4*k + 8. Let f be o(-5). Let q = f + 185. Calculate the remainder when q is divided by 5.
3
Suppose 32*q + 1225 = 5417. Let f = 99 + -62. Calculate the remainder when q is divided by f.
20
Let x = -2930 + 2931. What is the remainder when x is divided by 1?
0
Let t = -19056 - -20532. Calculate the remainder when t is divided by 65.
46
Let a(b) = -b - 4. Let d = 292 + 45. Suppose 0 = -4*s + d - 321. What is the remainder when s is divided by a(-5)?
0
Suppose 65*j - 500 = 605. Suppose 3*o - 189 = m, -5*o + 0*o - 4*m = -315. What is the remainder when o is divided by j?
12
Suppose -c + 59 = 4*l, 3*c - 133 = l - 8. What is the remainder when 72 is divided by c?
29
Let a be ((-9)/(-7) - 1) + (-14343)/(-49). Let m(f) = f**3 + 8*f**2 + 9*f + 13. Let y be m(-9). Let b = a + y. What is the remainder when b is divided by 49?
46
Let n = -134 - -256. Suppose 3*t - 132 = 2*b, 3*t = 2*t - 3*b + 33. What is the remainder when n is divided by t?
38
Calculate the remainder when (1/1)/(2*(-2)/(-1456)) is divided by 2.
0
Let h = -190 - -578. Suppose 5*r + 2*a - 71 = 4*a, 0 = -3*r - 5*a + 55. Calculate the remainder when h is divided by r.
13
Let g = -10062 - -10332. What is the remainder when g is divided by 42?
18
Suppose 2*r + 4*y = 114, 42*y - 43*y = 5. Suppose 37 + 42 = 3*p + 5*m, m + r = 4*p. What is the remainder when 48 is divided by p?
12
Suppose -5*i - 5*h + 33029 + 25981 = 0, 11787 = i - 2*h. Calculate the remainder when i is divided by 40.
37
Suppose 190*d - 43*d = 87186 - 23535. Calculate the remainder when d is divided by 23.
19
Suppose -20*c + 44 = -31*c. What is the remainder when 1/10*c*-80 is divided by 19?
13
Let r = -7331 + 7334. Calculate the remainder when 927 is divided by r.
0
Let f be (6 + (-49)/7)*(-126)/2. Suppose -4*k + f = -7*k. Let t = k - -90. Calculate the remainder when t is divided by 35.
34
Suppose -529 = -2*f - 5*x - 367, f + 5*x - 106 = 0. Suppose -4*u + 9 + 75 = 0. What is the remainder when f is divided by u?
14
Suppose 88*p - 176*p + 12824 = 141*p. What is the remainder when 313 is divided by p?
33
Let x = -1285 + 1346. Calculate the remainder when 199 is divided by x.
16
Let f be 4/((-12)/87) + -2 + -4. Let s = f + 68. Calculate the remainder when 1087 is divided by s.
31
Let z(h) = -10*h + 5*h + 7*h + 3*h - 61. What is the remainder when 8 is divided by z(13)?
0
Let i(m) = 2*m**2 + 16*m - 2. Let j be i(-12). Let u = j - 62. Let a = u - 14. Calculate the remainder when a is divided by 10.
8
Suppose -74 = s - 180. Suppose -6*h = -35*h - 34*h + 2268. Calculate the remainder when s is divided by h.
34
Let l = 256 - -102. Suppose 2*p - 13 = -2*x + 3, -p + 6*x + 36 = 0. What is the remainder when l is divided by p?
10
Let u(x) = -115*x - 986. Calculate the remainder when 2693 is divided by u(-9).
47
Let v = 64 + -46. Let c(y) = -y**3 - 36*y**2 + 44*y - 35. Let a be c(-37). Let i = a + 344. What is the remainder when i is divided by v?
14
Suppose -25 = 3*q - 2*d, -5*q - 29 = -0*q + 3*d. Let f(h) = -h**3 - 10*h**2 - 25*h - 12. What is the remainder when 55 is divided by f(q)?
7
Suppose 18*f + 12 = 22*f. Suppose -5*s = -f*d - 120, -9*d = -3*s - 13*d + 101. What is the remainder when 186 is divided by s?
24
Calculate the remainder when 627 - (-2*(-2)/16)/((-375)/1500) is divided by 19.
1
Suppose -140*z + 183 = -97. Let m = -28 - -78. Suppose c - m = -3*c - 3*w, -z*w - 18 = -2*c. What is the remainder when c is divided by 5?
1
Suppose 4*w + 183 = 9*w - 3*s, -5*w - s = -199. Calculate the remainder when 26829 is divided by w.
36
Calculate the remainder when 3611 is divided by 5 - ((-30)/2 - (35 + -43)).
11
Let b be -2*(-2 + 4956/(-8)). Suppose -11*c = -22*c + b. Calculate the remainder when c is divided by 41.
31
Let b be 4 + 13 + (-2 - (-4)/1). Let c = -22 + b. What is the remainder when 46 is divided by (1/c)/((-2)/(-18)) + 11?
6
Let y(q) = 109*q**2 - 68*q + 67. Calculate the remainder when y(1) is divided by 55.
53
Calculate the remainder when 10/(-4)*133292/(-470) is divided by 22.
5
Suppose -8*b + 298 = -142. Calculate the remainder when 325 is divided by b.
50
Let c = 3639 + -3418. What is the remainder when 667 is divided by c?
4
Let f = -6 + 8. Let d(h) = -5*h**f + h**3 + 2*h + 5 + 3*h + 2*h**2 - 9*h. What is the remainder when 17 is divided by d(4)?
2
Suppose -70*o - 228 = -74*o. Let r = 38 + -13. Let l = r - 4. Calculate the remainder when o is divided by l.
15
Suppose 10 + 25 = -5*w. Let i(q) = q**2 + 12*q + 132. Let a(k) = k**2 - 4*k + 4. What is the remainder when i(w) is divided by a(-5)?
48
Let d(j) = -23*j - 9. Let n be d(-6). Let o = n - 88. Let g = 98 - -22. What is the remainder when g is divided by o?
38
Suppose 0 = -5*o + 3*g + 18, 5*g + 5 + 0 = 0. Suppose -7 = -2*j - 0*j + 5*u, -39 = -o*j - 2*u. What is the remainder when j is divided by 5?
1
Suppose 0 = 5*a - 1088 - 17. Let j = a - 206. Calculate the remainder when j is divided by 6.
3
Let k = -570 - -578. Suppose k*l - 216 = 512. Calculate the remainder when l is divided by 15.
1
Let l(v) = 296*v - 907. What is the remainder when l(6) is divided by 231?
176
Let w = -401 + 401. Suppose -209 = -5*p + q, w*p = 4*p + 4*q - 172. Calculate the remainder when 120 is divided by p.
36
Suppose -1649 + 476 = -17*w. Suppose 2*f - 5*f + w = 0. Calculate the remainder when 47 is divided by f.
1
Suppose 33963*l - 33944*l = 1406. What is the remainder when 5697 is divided by l?
73
Suppose 0 = -27*t + 200 + 81 + 43. What is the remainder when 418 is divided by t?
10
Suppose 122 = 14*w - 46. What is the remainder when 2/4*4 + 105 is divided by (9/6 - 6)/((-3)/w)?
17
Let z = -13604 - -14141. What is the remainder when z is divided by 25?
12
Let j be 34/153 + -8*(-15)/(-54). Calculate the remainder when (-6 - -1 - j)*-14 is divided by 18.
6
Suppose -6*h + 90 + 18 = 0. Let q = h + -11. Calculate the remainder when 54 is divided by q.
5
Suppose -3*x + 12 = 3. Let i = x + 0. Suppose -3*q - 15*h + 18*h - 3 = 0, 0 = 2*q + 3*h - 28. What is the remainder when q is divided by i?
2
Let n = 1 - 0. Let c(j) = -j**2 + 16*j - 47. Let r be c(12). What is the remainder when 7 + (3 - 9) + r is divided by n?
0
Suppose 0 = -9*i - 2*i + 56001